 + 2676. What is the remainder when k is divided by 85?
82
Calculate the remainder when ((-90)/4)/(17/(-204)) is divided by 34.
32
Suppose 21*g - 93 = -3*i + 23*g, -2*i - 4*g = -46. What is the remainder when ((-72)/5)/((-1)/10) is divided by i?
28
Suppose -525 = -6*g - 3*g - 26*g. What is the remainder when (11*8 + -1)*1 is divided by g?
12
Suppose 9*d = 2*d + 609. Let f = -53 + d. Calculate the remainder when 133 is divided by f.
31
Let w(y) = y**3 - 8*y**2 - 2. Let l be w(8). Let d = l - 3. What is the remainder when (-1416)/(-60) + 3/d is divided by 6?
5
Let q(p) = -2*p**2 + 4*p + 1. Let c be q(-4). Let s = 88 + c. Calculate the remainder when s is divided by 15.
11
Let u(b) = -b**2 - 6*b - 3. Suppose -671 = -49*g - 573. What is the remainder when g is divided by u(-5)?
0
Calculate the remainder when 61 is divided by 3 + 24 + -4 + 0.
15
Let f(t) = t**2 + 4*t - 1. Calculate the remainder when 129053/589 - (-2)/(-19) is divided by f(5).
43
Let d(w) = 3*w**2 - 14*w - 19. What is the remainder when d(-4) is divided by 8?
5
Suppose 5*w + 4*h + 7 = 0, 4*h - 15 = 3*w + 2. What is the remainder when 115 is divided by (3 - -26)*(w + 4)?
28
Suppose 0 = 10*b - 101 - 59. Let y(v) = v**2 - 4*v - 7. Let r be y(6). Let n = r + b. What is the remainder when 40 is divided by n?
19
Let a = 67 - 67. Suppose a = -4*g - 5*h + 229, -2*g + 4*g - 115 = -3*h. Calculate the remainder when g is divided by 15.
11
Suppose 3*r = r + 5*r. Suppose -4*i + 6*i - 130 = r. What is the remainder when i is divided by 17?
14
Let z = -263 - -408. Calculate the remainder when z is divided by 46.
7
Let b = -8 + 15. Suppose -i = -b - 2. What is the remainder when i is divided by 3?
0
Let s(o) = -17*o + 11. Let p(l) = 31*l**3 + 1. What is the remainder when p(1) is divided by s(0)?
10
Suppose -m = -3 - 3. Suppose -3*c - m = -0*c, -5*l - c = -28. Calculate the remainder when 12*((-2 - -2) + -3)/(-4) is divided by l.
3
Suppose 3*n + 3*w + 387 = 0, 5*n + 615 = 7*w - 2*w. Let r = n + 212. What is the remainder when r is divided by 22?
20
Suppose -23 = -5*y + 2*a, 3*y - y - 5 = 5*a. Suppose -y*c = -2*i - 0*i - 125, -i = -4*c + 97. Let x = -104 + 193. What is the remainder when x is divided by c?
20
Suppose -2*l - 3*x = 3, 2*l + 12 = 7*l + x. Let u(n) = 11*n + 2. Let z be u(1). Let p(y) = -y**2 + 15*y - 15. What is the remainder when p(z) is divided by l?
2
Let w = -13 - -56. What is the remainder when w is divided by ((3/(-9))/1)/(19/(-627))?
10
Suppose -10*h + 63 + 1687 = 0. What is the remainder when (-6)/((-30)/h) - -4 is divided by 11?
6
Let n be ((-4)/(-6))/((-6)/(-27)). Suppose -2*x - 2*r - r + 27 = 0, 2*x - 33 = n*r. Let l = 38 + 19. What is the remainder when l is divided by x?
12
Let v(x) = -x**3 - 8*x**2 - 4*x - 9. Let z be (0 - 7) + 3 + -4. Let o = 24 - 12. What is the remainder when v(z) is divided by o?
11
Suppose 0 = -5*x - c - 3, 2*x = c - 4 - 0. Let q = x - -9. What is the remainder when 30/(-21)*(-315)/15 is divided by q?
6
Let z(g) = 4*g**3 - g + 1. Let q be z(1). Let y(u) = -3 + q + 0 + 0*u - 3*u. What is the remainder when 28 is divided by y(-3)?
8
Suppose -595 = -3*y - 14*y. What is the remainder when 123 is divided by y?
18
Let p(l) = l**3 + 4*l**2 - 4*l - 3. Let i be p(-4). Let t = -9 + i. Calculate the remainder when 25 is divided by t.
1
Let n(p) = -p**2 + 9*p + 4. What is the remainder when 8 + 3*(-2 + 3) is divided by n(9)?
3
Suppose -2*y - 21 = -3*f, -f = -3*f + 5*y + 14. What is the remainder when 55 is divided by f?
6
Let v = 241 + -78. Calculate the remainder when v is divided by 13.
7
Let y = -197 - -388. Let q = -7 + 39. What is the remainder when y is divided by q?
31
Let q = 303 + -162. Calculate the remainder when q is divided by 9.
6
Let z be (30/(-35))/((-2)/(-14)). Let h be (-309)/z + (-2)/(-4). Let m = 73 - h. Calculate the remainder when 82 is divided by m.
19
Suppose -9*f = -10*f + 3. Suppose -3*d + 1 = a, 3*a + 0 = d + f. Let s = 5 + a. Calculate the remainder when 15 is divided by s.
3
Let q = 13 - 5. Suppose 5*i = 4*x + q, -3*i - 10 + 34 = 4*x. Suppose -68 = -2*v - i*s - 12, s = -5*v + 131. Calculate the remainder when v is divided by 7.
5
Suppose 3*b - k - k + 68 = 0, k - 73 = 3*b. Let l = b - -24. Calculate the remainder when 11 is divided by (l + 5)/((-18)/(-30)).
1
Let t be 2 - 3/(9/6). Suppose t = 5*a - 26 - 29. Suppose -5*j = -93 - 2. Calculate the remainder when j is divided by a.
8
Let l(t) = t**3 - 16*t**2 - 9*t - 32. What is the remainder when l(17) is divided by 18?
14
Suppose c = -21 + 26. Suppose -v = -4*p + p + 38, 5*p - 70 = c*v. Calculate the remainder when p is divided by 5.
2
Let s = -98 - -98. Suppose 4*t = 3*l + 181, 5*t + s*l = -5*l + 270. Suppose -o = 4*o - 50. Calculate the remainder when t is divided by o.
9
Suppose -245*a = -243*a - 22. Calculate the remainder when 560 is divided by a.
10
Suppose -2*l = 3*l - d + 29, l + 5 = d. Calculate the remainder when 56 is divided by (-2)/3 + (-94)/l.
11
Let b be (-1 - -1) + (-1 - -3). Suppose -b*q - 3*f + 9 = -q, 4*q = 4*f + 68. What is the remainder when 44 is divided by q?
14
What is the remainder when 3/((1/426)/(13/117)) is divided by 37?
31
Let p = -7 - -42. Let z = -29 + p. Let k(x) = -24*x - 1. What is the remainder when k(-1) is divided by z?
5
Let y(x) = -x**3 - 4*x**2 + 4*x + 3. Let w be y(-5). Suppose h = -p - 3, 3*p + 3 = -4*h - w. Let d = 3 - p. Calculate the remainder when 15 is divided by d.
3
Suppose p = 1, -h + 0*h = -5*p - 122. What is the remainder when h is divided by 3*(-8)/((-48)/86)?
41
Suppose 5*n = 5*s - 40, 2*n + 37 = 4*s + s. Suppose -3*z - 2*v + 273 = 0, z + 182 = 3*z - 4*v. Let o = 146 - z. Calculate the remainder when o is divided by s.
6
What is the remainder when 296 is divided by (32 - 7) + -8 + (3 - 0)?
16
Let b = -91 + 115. Calculate the remainder when 14 is divided by ((-105)/(-4))/7 - (-6)/b.
2
Let n = 310 - 458. Let m = 285 + n. Calculate the remainder when m is divided by 14.
11
Suppose 1 = -2*d - i + 4*i, -3*d = -3*i + 3. Let n = -45 - -65. Let w = n - d. Calculate the remainder when w is divided by 6.
4
Let w = -56 + 41. Let y(v) = -v**3 - 16*v**2 - 20*v - 13. Suppose 2*h + o = 4*o + 45, -86 = -4*h + 2*o. What is the remainder when y(w) is divided by h?
20
Let n = 3 + -17. Let y = n - -65. Calculate the remainder when y is divided by 1860/105 - 4/(-14).
15
Let y = 31 + -36. Let l(b) = b**3 + 8*b**2 - 7*b - 1. Calculate the remainder when l(y) is divided by 37.
35
What is the remainder when (-12)/42 + 303/7 is divided by (-32)/(-3) + (-22)/(-66)?
10
Suppose 0 = -129*c + 144*c - 3495. Calculate the remainder when c is divided by 48.
41
Let m = -296 + 359. Let r(x) be the third derivative of x**6/120 + 7*x**5/60 + x**4/8 - x**3/3 - 2*x**2. What is the remainder when m is divided by r(-6)?
15
Let r = 87 - 80. Let c(v) = -10*v + 2. What is the remainder when c(-1) is divided by r?
5
Suppose 0 = -2*p + 6, 0*g - 5 = 2*g - 3*p. What is the remainder when (-2)/((-6)/15)*g is divided by 4?
2
Let i = 296 + -271. Let l be ((-5)/((-5)/(-4)))/(-1). Suppose -5*q + 0*f = -l*f - 61, 0 = 4*q - 3*f - 48. What is the remainder when i is divided by q?
7
Suppose 536*v = 540*v - 68. Calculate the remainder when 353 is divided by v.
13
Let n(s) = s**2 - 4*s - 4. Suppose 0 = -4*f - 872 + 892. What is the remainder when f is divided by n(5)?
0
Suppose -2*l - l + 5*x + 389 = 0, x + 513 = 4*l. Suppose j + t - 125 = -j, 0 = 2*j + 4*t - l. Calculate the remainder when j is divided by 11.
7
Suppose -135*h - 167 = -572. Suppose 23 = 5*p + 2*f, 27 = 3*p + 2*p + 3*f. Calculate the remainder when p is divided by h.
0
Let r = 2 - 0. Let v be ((-13)/26)/(r/4). What is the remainder when 42 is divided by 2/3*(32 - v)?
20
Suppose 4*z - z = 0. Suppose 0 = 2*v - z*v - 68. Suppose 0 = -14*g + 257 - 5. Calculate the remainder when v is divided by g.
16
Suppose 3*w = 5*p - 10*p + 7, 5*p = 4*w + 49. Let q be (-185)/40 - w/(-16). Calculate the remainder when 1624/35 - 3/q is divided by 17.
13
Let u(b) = 5*b**2 - 5*b - 13. What is the remainder when u(4) is divided by 14?
5
What is the remainder when 237 is divided by (1 + 0)/(-11*20/(-2640))?
9
Let h = 23 + -1. Suppose 227 - 78 = 2*p - 3*g, -5*g = 5*p - 435. What is the remainder when p is divided by h?
16
Suppose -349 = -5*b + 